 tens digit of t?
1
Suppose -4*c - c = -4*y - 16, -5*c - 2*y = 8. Suppose -t + a + 33 = c, -t + 0*t + 2*a = -32. What is the tens digit of t?
3
Let k = 446 + -307. What is the hundreds digit of k?
1
Let c(u) = u**3 + 18*u**2 - 32*u + 12. What is the tens digit of c(-19)?
5
Let l = 0 - 2. What is the units digit of (l/(-4))/((-1)/(-14))?
7
Let g = 0 + 2. Let u be (-3 - -2)*2*-1. Let t = g + u. What is the units digit of t?
4
Suppose 3*c - h - 42 = 0, -1 - 13 = -c - h. Suppose 3*x = -4*g + 2*x + 13, -c = -4*g - 2*x. What is the units digit of 10 + (g - (1 - 0))?
2
Let y(r) = -r + 9. Let g be y(6). What is the tens digit of (-7 - -1) + g + 14?
1
What is the units digit of 64/(-6)*(13 - 22)?
6
Let b(g) = g**2 - g - 2. Let w be b(-2). Let p = w + 4. What is the units digit of p?
8
Let i be 15 + 3*(-4)/(-12). Let o = -2 + i. What is the tens digit of o?
1
What is the units digit of (-502)/(-10) + (-1)/5?
0
Suppose -3*a + 20 = 5. Suppose -5*f + 15 = 0, -a*i + 3*f + 14 = 6*f. What is the units digit of i?
1
Suppose 3*n = -12, -161 = -5*c + n - 2*n. What is the units digit of c?
3
What is the tens digit of (-50280)/(-168) - (-4)/(-14)?
9
Let d(g) = 2*g**2 + 4*g + 4. Let r(l) = -3*l + 2. Let c be r(-6). Let t be ((-15)/c)/((-2)/(-8)). What is the tens digit of d(t)?
1
Let b(v) = 2*v**2 - v - 1. Let n be b(-1). Let c be (47 - (n + -2))*1. Suppose 4*t + 11 = c. What is the units digit of t?
9
Let r(l) = 39*l**2 + l. Let q be r(-1). Let x = q - 15. What is the units digit of x?
3
Let i(m) = m**2 - m - 4. Let j be -2 + (-2)/((-8)/36). What is the units digit of i(j)?
8
Suppose -t + 6*t = -3*a + 659, 5*t - 663 = -a. What is the tens digit of t?
3
What is the tens digit of (-2)/(-8) - (-7332)/48?
5
Let i = 5 + 11. What is the units digit of i?
6
Suppose -w + 29 = 4*d + 4*w, 4*d + 4*w - 32 = 0. What is the units digit of d?
1
Let v(t) = -12*t**3 + 2*t + 1. Let b be v(-1). Suppose -19 = -4*l + 3*x, 4*x = 1 + b. What is the units digit of l?
7
Let t = 8 + -11. Let b = t + 8. What is the units digit of b?
5
Let r(a) = a + 91. What is the tens digit of r(6)?
9
Let t(h) = -6*h**3 + h**2 - 1. Suppose 4*s - q + 137 = 0, -4*s = -s + q + 94. Let o be 4/18 + s/27. What is the units digit of t(o)?
6
Let w = 0 + -1. Let d be -2 - (-3 - (w - 0)). Suppose d = 3*x - x - 14. What is the units digit of x?
7
Let h(g) = g**3 + 6*g**2 - 7*g. Let n be h(-7). Suppose -3*j + 3*a = -30, 0 = j - 5*a - n - 10. What is the tens digit of j?
1
Let k = 7 - -31. What is the tens digit of k?
3
Let a be 1/(-3) - 28/6. What is the units digit of ((-16)/10 + 1)*a?
3
Let x be (-1 + 2)*-7*-1. Let j = 13 - x. Suppose -3*s + j = 3*g, 3*s = s - g + 8. What is the units digit of s?
6
Let h be (3/(-2))/(3/8). Let f be -33 + 2/(0 + -2). What is the units digit of (-2)/4 + f/h?
8
Let b(d) = -9*d - 6. Let k = -20 - -16. What is the units digit of b(k)?
0
Let m(j) = j**2 - j**2 + 2*j**2 + 4*j - j**2 + 3. What is the tens digit of m(-6)?
1
Let n(y) = y**3 + 8*y**2 + 5*y - 9. Let m = -24 + 17. What is the units digit of n(m)?
5
Let x = -3 + 3. Suppose -i + 10 = s, x = -3*s + s - i + 24. What is the tens digit of s?
1
Suppose 3 + 9 = 4*m - 3*j, 3*j - 9 = -3*m. Suppose 0 = -v + 4*u + 26, -2*v - m*u - u + 4 = 0. What is the units digit of v?
0
Let x = -1 + 4. Suppose 1 = -x*o + 34. What is the tens digit of o?
1
Let l = 20 + -20. Suppose l = 5*j - 140 - 50. What is the units digit of j?
8
Suppose -4*d - 360 = -4*u, u - 11*d - 81 = -7*d. What is the units digit of u?
3
Let u be (-10)/14 + 2/(-7). Let j be (-1)/u - (-2 - 0). Suppose 5*c - 15 = -j*d, -d = c + 2*c - 9. What is the units digit of c?
3
Suppose 0 = 2*s - 4, 2*c + 3 = 5*s + 21. Let f = -21 - -20. Let z = c - f. What is the tens digit of z?
1
Suppose i - 7*i + 6 = 0. Let d = 5 + -3. Let m = i + d. What is the units digit of m?
3
Let d = 20 + 16. Let m = -22 + d. Suppose 0*x - m = -2*x. What is the units digit of x?
7
Let o = 27 - -12. What is the tens digit of o?
3
Let s(c) = c - 7 + 2 + 10. What is the units digit of s(-4)?
1
Let z(y) = y**3 - 3*y**2 - 3*y - 3. Let a be 6/(-4)*(-8)/3. Let r be z(a). Let f = r - -3. What is the units digit of f?
4
Let o = -9 - -12. Suppose 5*g - 78 = -o*t, 0 = 5*t + 2 - 7. What is the tens digit of g?
1
Let m(l) = 268*l**2 + 1. What is the tens digit of m(1)?
6
Let f = 27 + -12. Let r = f - -8. What is the tens digit of r?
2
Suppose 25*l - 2252 = 4723. What is the hundreds digit of l?
2
Let c = -7 + 9. What is the units digit of c?
2
Let w(m) be the third derivative of -m**6/120 - m**5/10 - 5*m**4/24 + 7*m**3/6 - 3*m**2. What is the units digit of w(-5)?
7
Suppose -z + 0*z = -135. What is the tens digit of z?
3
Let q be (-2)/(-3) + 5/(-3). Let g(x) = -7*x**3 - 2*x - 1. What is the units digit of g(q)?
8
Let d = 76 + -38. What is the units digit of d?
8
Let d(o) be the second derivative of -4*o**5/5 + o**3/3 + o**2/2 + 18*o. Suppose -4*a + 2*a - 2 = 0. What is the units digit of d(a)?
5
What is the units digit of (-47)/(-6) + 5/30?
8
Let z(b) = -2*b - 3. Let y be z(-2). Suppose y = -5*a - 4. What is the units digit of a + (-1 - -1) + 7?
6
Suppose 0 = -3*h + 263 - 113. Suppose 0*n + 5*n = h. What is the units digit of 8/n*30/4?
6
Let c be (-5)/(-5)*(8 + -1). Suppose y = c + 1. What is the units digit of y?
8
Suppose -7*c = -5*c - 474. What is the tens digit of c?
3
Let d(a) = -181*a**3 + 2*a**2 + 3*a + 1. What is the hundreds digit of d(-1)?
1
Let b = -4 - -7. Let l(v) = -2*v + 4. Let k be l(b). What is the units digit of (-3)/k*(4 + 0)?
6
Let m(j) = -j**2 + j. Let g(x) = 2*x**2 - 6*x + 2. Let u(c) = -g(c) - 3*m(c). What is the units digit of u(2)?
8
Let c(j) = -j**3 - j**2 + 2*j + 3. Let n be c(-2). Let u = 15 + n. What is the units digit of u?
8
Suppose -149 = -6*y + 175. What is the units digit of y?
4
Let j(d) = d**3 - d**2 + 1. Let y be j(2). Suppose 0 = 5*l - y, -60 - 28 = -4*g + 4*l. What is the units digit of g?
3
Let y(x) = -x - 7. Suppose s - 27 = 4*b, -3*b - 4*s = 15 + 10. Let i be y(b). Suppose -5*u = 2*v - 8, -3*u - 6 = -i. What is the units digit of v?
9
Let z be (-4)/6 - 4/3. Let y be ((-20)/(-6))/(6/9). Let w = z + y. What is the units digit of w?
3
Let p(a) = -a**3 - 5*a**2 + a - 4. Let r be p(-5). Let z(h) = -2*h**2 - 2*h - 7. Let m be z(-5). What is the units digit of (-2)/9 + m/r?
5
Let f(y) = -4 + y + 2*y - 3*y**2 + 4*y**2. Let w(r) = -4*r**3 - r. Let o be w(1). What is the units digit of f(o)?
6
Let q = -3 + -1. Let k = 7 + q. What is the units digit of k?
3
Let b = -6 - -6. Suppose b = -4*j - f + 7 + 4, 4*j - 36 = 4*f. Suppose j*i = 28 + 32. What is the tens digit of i?
1
Let x(l) = l**3 + l**2 - l - 2. Let m be x(-2). Let i = m - -4. Suppose 0*q + 3*q - 12 = i. What is the units digit of q?
4
Let r(u) = 24*u**3 - u + 1. Let j be r(1). What is the units digit of j/40 - 4/(-10)?
1
Let w(v) be the second derivative of 7*v**4/12 - 2*v**3/3 + v**2 - 10*v. What is the tens digit of w(3)?
5
Let w(d) = 5*d**2 - 23*d - 5. What is the units digit of w(-5)?
5
Let w be (3/2)/((-1)/4). Let s(c) = c**3 + 9*c**2 + 18*c + 9. Let o be s(-6). What is the units digit of o*w/9*-1?
6
Suppose -3*k - 3 = -0. Let o be (-11)/k - 0 - 0. Suppose 7*c - 2*c - 4*d + o = 0, 5*c - 13 = -2*d. What is the units digit of c?
1
Let f(c) = c**3 - 6*c**2 + 2*c + 8. Let d be 12/(-18) + 16/6. Suppose -d*l = -0*l - 12. What is the units digit of f(l)?
0
Let i = 44 - 25. What is the tens digit of i?
1
Let u(d) = d + 1. Let h(s) = s**2 + 4*s + 3. Let f(v) = v**3 - 3*v**2 + 2*v - 3. Let b be f(2). Let m be h(b). What is the units digit of u(m)?
1
Let j be (-60)/(-27) + 4/(-18). Let t be (-4)/(-8)*0/j. Suppose 3 = i - t. What is the units digit of i?
3
What is the units digit of ((-6)/3)/((-5)/35)?
4
Let r(a) = -a - 6. Let z be r(-6). Suppose -2*i - 2 + 26 = z. What is the tens digit of i?
1
Suppose 3*v + 2*v = k + 385, v - 77 = -3*k. What is the units digit of v?
7
Suppose q + 4*q = 195. Let z(m) = -m**3 + 5*m**2 + 2*m - 5. Let u be z(5). Suppose 14 = -u*c + q. What is the units digit of c?
5
Let q(z) = -6*z - 49. Let f(c) = 4*c + 33. Let h(d) = -7*f(d) - 5*q(d). What is the tens digit of h(0)?
1
Let p(d) be the third derivative of -d**5/60 - 17*d**4/24 - 5*d**3/3 + 7*d**2. What is the tens digit of p(-11)?
5
Let c(g) = -g**2 - 38*g + 8